{"id":147,"date":"2014-08-10T13:33:37","date_gmt":"2014-08-10T12:33:37","guid":{"rendered":"http:\/\/robotechno.casciani.fr\/?page_id=147"},"modified":"2014-09-14T08:02:44","modified_gmt":"2014-09-14T07:02:44","slug":"accueil-5","status":"publish","type":"page","link":"https:\/\/robotechno.casciani.fr\/?page_id=147","title":{"rendered":"Accueil"},"content":{"rendered":"<div class=\"art-content-layout\">\n<div class=\"art-content-layout-row\">\n<div class=\"art-layout-cell layout-item-0\" style=\"width: 100%;\">\n<p class=\"image-caption-wrapper\" style=\"width: 55%; float: left;\"><img loading=\"lazy\" decoding=\"async\" class=\"art-lightbox\" style=\"margin: 7px;\" src=\"https:\/\/robotechno.casciani.fr\/wp-content\/uploads\/2014\/08\/20140802_181236xc2.jpg\" alt=\"\" width=\"251\" height=\"188\" \/><\/p>\n<p style=\"padding-left: 90px;\">Raspberry Pi \u00a0B+ dans son bo\u00eetier transparent&#8230;<\/p>\n<p class=\"MsoNormal\" style=\"padding-left: 30px;\">Le Raspberry Pi est un nano-ordinateur monocarte \u00e0 processeur ARM con\u00e7u\u00a0par le cr\u00e9ateur de jeux vid\u00e9o David Braben, dans le cadre de sa fondation\u00a0Raspberry Pi.<\/p>\n<p class=\"MsoNormal\" style=\"padding-left: 30px;\">Cet ordinateur, qui a la\u00a0taille d&rsquo;une carte de cr\u00e9dit, est destin\u00e9 \u00e0 encourager l&rsquo;apprentissage de la\u00a0programmation informatique ; il permet l&rsquo;ex\u00e9cution de plusieurs variantes du\u00a0syst\u00e8me d&rsquo;exploitation libre GNU\/Linux et des logiciels compatibles. Il est\u00a0fourni nu (carte m\u00e8re seule, sans bo\u00eetier, alimentation, clavier, souris ni\u00a0\u00e9cran) dans l&rsquo;objectif de diminuer les co\u00fbts et de permettre l&rsquo;utilisation de\u00a0mat\u00e9riel de r\u00e9cup\u00e9ration.<br \/>\n(source :\u00a0http:\/\/fr.wikipedia.org\/)<\/p>\n<\/div>\n<\/div>\n<\/div>\n<div class=\"art-content-layout\">\n<div class=\"art-content-layout-row\">\n<div class=\"art-layout-cell layout-item-0\" style=\"width: 50%;\">\n<ul>\n<li>Un poste bureautique,<\/li>\n<li>Un centre multim\u00e9dia,<\/li>\n<li>Une station m\u00e9t\u00e9o.<\/li>\n<\/ul>\n<\/div>\n<div class=\"art-layout-cell layout-item-0\" style=\"width: 50%;\">\n<blockquote style=\"margin: 10px 0;\">\n<p style=\"padding-left: 30px;\">Exploitons tout le potentiel du nano-ordinateur \u00ab\u00a0Raspberry Pi\u00a0\u00bb.<\/p>\n<\/blockquote>\n<\/div>\n<\/div>\n<\/div>\n","protected":false},"excerpt":{"rendered":"<p>Raspberry Pi \u00a0B+ dans son bo\u00eetier transparent&#8230; Le Raspberry Pi est un nano-ordinateur monocarte \u00e0 processeur ARM con\u00e7u\u00a0par le cr\u00e9ateur de jeux vid\u00e9o David Braben, dans le cadre de sa fondation\u00a0Raspberry Pi. Cet ordinateur, qui a la\u00a0taille d&rsquo;une carte de cr\u00e9dit, est destin\u00e9 \u00e0 encourager l&rsquo;apprentissage de la\u00a0programmation informatique ; il permet l&rsquo;ex\u00e9cution de plusieurs &hellip; <a href=\"https:\/\/robotechno.casciani.fr\/?page_id=147\" class=\"more-link\">Continuer la lecture de <span class=\"screen-reader-text\">Accueil<\/span>  <span class=\"meta-nav\">&rarr;<\/span><\/a><\/p>\n","protected":false},"author":1,"featured_media":0,"parent":0,"menu_order":1,"comment_status":"closed","ping_status":"closed","template":"","meta":{"_crdt_document":"","footnotes":""},"class_list":["post-147","page","type-page","status-publish","hentry"],"_links":{"self":[{"href":"https:\/\/robotechno.casciani.fr\/index.php?rest_route=\/wp\/v2\/pages\/147","targetHints":{"allow":["GET"]}}],"collection":[{"href":"https:\/\/robotechno.casciani.fr\/index.php?rest_route=\/wp\/v2\/pages"}],"about":[{"href":"https:\/\/robotechno.casciani.fr\/index.php?rest_route=\/wp\/v2\/types\/page"}],"author":[{"embeddable":true,"href":"https:\/\/robotechno.casciani.fr\/index.php?rest_route=\/wp\/v2\/users\/1"}],"replies":[{"embeddable":true,"href":"https:\/\/robotechno.casciani.fr\/index.php?rest_route=%2Fwp%2Fv2%2Fcomments&post=147"}],"version-history":[{"count":7,"href":"https:\/\/robotechno.casciani.fr\/index.php?rest_route=\/wp\/v2\/pages\/147\/revisions"}],"predecessor-version":[{"id":388,"href":"https:\/\/robotechno.casciani.fr\/index.php?rest_route=\/wp\/v2\/pages\/147\/revisions\/388"}],"wp:attachment":[{"href":"https:\/\/robotechno.casciani.fr\/index.php?rest_route=%2Fwp%2Fv2%2Fmedia&parent=147"}],"curies":[{"name":"wp","href":"https:\/\/api.w.org\/{rel}","templated":true}]}}